{"id":132,"date":"2014-11-04T01:01:13","date_gmt":"2014-11-03T23:01:13","guid":{"rendered":"http:\/\/www.quintet-west.com\/?page_id=132"},"modified":"2014-11-21T22:08:02","modified_gmt":"2014-11-21T20:08:02","slug":"christoph-fischer","status":"publish","type":"page","link":"https:\/\/www.quintet-west.com\/?page_id=132","title":{"rendered":"Christoph Fischer"},"content":{"rendered":"<p><strong><em>Trompete und Fl\u00fcgelhorn<\/em><\/strong><\/p>\n<p><img loading=\"lazy\" decoding=\"async\" src=\"https:\/\/www.quintet-west.com\/wp-content\/uploads\/christophfischer.jpg\" alt=\"christophfischer\" width=\"640\" height=\"480\" class=\"alignnone size-medium wp-image-208 ml-lightbox-enabled\" \/><\/p>\n<p>Christoph Fischer ist ein echtes Landei aus Marienthal am Niederrhein. Nach einigen Umwegen studierte er am Conservatorium Maastricht bei Rob Bruynen. Er spielte in verschiedenen kleineren und gr\u00f6\u00dferen Besetzungen, u.a. BigBand \u201eBrownie Speaks\u201d unter der Leitung von Rob Bruynen, NL; Modern-Jazz-Trio \u201eMoonStone\u201d; Frank-Zappa-Coverband \u201eTinseltown-Rebellion-Band\u201d, Aachen; \u201cNight-Train-Jazzquintett\u201d (D\/NL); Brassband \u201eTohuwabohu\u201d, K\u00f6ln, \u201cBrings\u201d, K\u00f6ln, \u201eFunky Flares\u201c, K\u00f6ln. Er war Gast auf Jazzfestivals in M\u00fchlheim a.d. Ruhr, Viersen, M\u00fcnster und auf der D\u00fcsseldorfer \u201eJazzralley\u201c, spielte bei den Musicals \u201eGrease\u201c (D\u00fcsseldorf), \u201eCatherine\u201c (Aachen) und \u201eSugar\u201c (Theater Regensburg) und wirkte bei TV-Produktionen von WDR, SWR und RTL mit. Seine aktuellen Lieblingsprojekte sind neben dem Quintet West die Band &#8222;Goldhammer&#8220; um den Bassisten Marius Goldhammer und die Gruppe &#8222;D\u00b4Accord&#8220; mit Guntram Freytag am Accordeon.<\/p>\n<p><a href=\"http:\/\/www.trumpetfish.de\" target=\"_blank\">Homepage von Christoph Fischer<\/a><\/p>\n","protected":false},"excerpt":{"rendered":"<p>Trompete und Fl\u00fcgelhorn Christoph Fischer ist ein echtes Landei aus Marienthal am Niederrhein. Nach einigen Umwegen studierte er am Conservatorium Maastricht bei Rob Bruynen. Er spielte in verschiedenen kleineren und gr\u00f6\u00dferen Besetzungen, u.a. BigBand \u201eBrownie Speaks\u201d unter der Leitung von Rob Bruynen, NL; Modern-Jazz-Trio \u201eMoonStone\u201d; Frank-Zappa-Coverband \u201eTinseltown-Rebellion-Band\u201d, Aachen; \u201cNight-Train-Jazzquintett\u201d (D\/NL); Brassband \u201eTohuwabohu\u201d, K\u00f6ln, \u201cBrings\u201d, K\u00f6ln, &hellip; <\/p>\n<p class=\"link-more\"><a href=\"https:\/\/www.quintet-west.com\/?page_id=132\" class=\"more-link\"><span class=\"screen-reader-text\">\u201eChristoph Fischer\u201c <\/span>weiterlesen<\/a><\/p>\n","protected":false},"author":1,"featured_media":0,"parent":85,"menu_order":2,"comment_status":"closed","ping_status":"closed","template":"templates\/template-full.php","meta":{"footnotes":""},"class_list":["post-132","page","type-page","status-publish","hentry"],"_links":{"self":[{"href":"https:\/\/www.quintet-west.com\/index.php?rest_route=\/wp\/v2\/pages\/132","targetHints":{"allow":["GET"]}}],"collection":[{"href":"https:\/\/www.quintet-west.com\/index.php?rest_route=\/wp\/v2\/pages"}],"about":[{"href":"https:\/\/www.quintet-west.com\/index.php?rest_route=\/wp\/v2\/types\/page"}],"author":[{"embeddable":true,"href":"https:\/\/www.quintet-west.com\/index.php?rest_route=\/wp\/v2\/users\/1"}],"replies":[{"embeddable":true,"href":"https:\/\/www.quintet-west.com\/index.php?rest_route=%2Fwp%2Fv2%2Fcomments&post=132"}],"version-history":[{"count":9,"href":"https:\/\/www.quintet-west.com\/index.php?rest_route=\/wp\/v2\/pages\/132\/revisions"}],"predecessor-version":[{"id":221,"href":"https:\/\/www.quintet-west.com\/index.php?rest_route=\/wp\/v2\/pages\/132\/revisions\/221"}],"up":[{"embeddable":true,"href":"https:\/\/www.quintet-west.com\/index.php?rest_route=\/wp\/v2\/pages\/85"}],"wp:attachment":[{"href":"https:\/\/www.quintet-west.com\/index.php?rest_route=%2Fwp%2Fv2%2Fmedia&parent=132"}],"curies":[{"name":"wp","href":"https:\/\/api.w.org\/{rel}","templated":true}]}}